 13.
-b
What is -311 (base 5) in base 7?
-144
-a9 (base 13) to base 11
-117
What is -110 (base 3) in base 14?
-c
Convert 3 (base 16) to base 11.
3
What is -1011101 (base 2) in base 14?
-69
Convert 8 (base 10) to base 8.
10
3 (base 7) to base 2
11
Convert -dd (base 15) to base 9.
-251
-27 (base 11) to base 2
-11101
Convert 11 (base 2) to base 4.
3
Convert 120 (base 5) to base 6.
55
What is 7 (base 8) in base 12?
7
-10 (base 4) to base 12
-4
What is -11111 (base 2) in base 12?
-27
-1001 (base 2) to base 8
-11
-2 (base 9) to base 16
-2
What is 14 (base 12) in base 8?
20
What is 3 (base 11) in base 6?
3
What is 104 (base 9) in base 14?
61
Convert -14 (base 12) to base 15.
-11
-1001 (base 3) to base 9
-31
Convert 11 (base 4) to base 11.
5
5 (base 9) to base 5
10
Convert 9 (base 11) to base 4.
21
-89 (base 11) to base 2
-1100001
What is -16 (base 10) in base 3?
-121
-110 (base 2) to base 8
-6
-3a (base 15) to base 14
-3d
Convert 2 (base 12) to base 13.
2
-2 (base 7) to base 13
-2
Convert 41 (base 12) to base 11.
45
-101 (base 3) to base 2
-1010
What is 92 (base 11) in base 9?
122
What is 100202 (base 3) in base 16?
107
Convert 13 (base 8) to base 7.
14
What is 101 (base 4) in base 7?
23
d7 (base 14) to base 8
275
Convert -66 (base 12) to base 16.
-4e
What is 4 (base 16) in base 4?
10
Convert 0 (base 13) to base 11.
0
Convert 48 (base 10) to base 6.
120
What is -25 (base 15) in base 12?
-2b
-1 (base 14) to base 13
-1
What is -43 (base 9) in base 14?
-2b
Convert -10 (base 13) to base 9.
-14
Convert -11 (base 5) to base 16.
-6
What is 100 (base 2) in base 6?
4
What is -201 (base 4) in base 3?
-1020
Convert 1101101 (base 2) to base 6.
301
-120 (base 6) to base 16
-30
2c (base 14) to base 15
2a
What is 0 (base 16) in base 12?
0
-1320 (base 5) to base 10
-210
Convert -76 (base 9) to base 10.
-69
0 (base 3) to base 5
0
-10 (base 15) to base 3
-120
What is -11 (base 14) in base 9?
-16
What is 341 (base 5) in base 7?
165
Convert 1 (base 16) to base 5.
1
-7 (base 8) to base 4
-13
Convert 40 (base 6) to base 5.
44
What is 60 (base 12) in base 14?
52
Convert -72 (base 11) to base 12.
-67
-12010 (base 3) to base 7
-255
8 (base 12) to base 15
8
Convert 16 (base 11) to base 2.
10001
Convert -16 (base 13) to base 15.
-14
Convert 17c (base 15) to base 5.
2332
3 (base 15) to base 6
3
Convert -200 (base 7) to base 3.
-10122
What is 21 (base 3) in base 4?
13
-2 (base 8) to base 12
-2
Convert 7 (base 12) to base 10.
7
What is 2 (base 10) in base 7?
2
What is -42 (base 6) in base 11?
-24
What is -11 (base 4) in base 13?
-5
What is -202 (base 3) in base 2?
-10100
-64 (base 14) to base 8
-130
What is 6 (base 11) in base 13?
6
Convert e3 (base 16) to base 12.
16b
What is -2 (base 8) in base 16?
-2
Convert -110112 (base 3) to base 10.
-338
Convert 15 (base 8) to base 7.
16
What is -10 (base 4) in base 9?
-4
Convert -10 (base 5) to base 8.
-5
-251 (base 6) to base 15
-6d
3 (base 9) to base 7
3
Convert -11 (base 2) to base 16.
-3
Convert -285 (base 10) to base 16.
-11d
-1 (base 12) to base 8
-1
-1 (base 3) to base 11
-1
-10 (base 11) to base 3
-102
What is 0 (base 16) in base 15?
0
Convert 100 (base 3) to base 10.
9
102 (base 5) to base 4
123
What is 13 (base 7) in base 16?
a
-2210 (base 3) to base 11
-69
0 (base 9) to base 3
0
Convert 122 (base 5) to base 16.
25
-100 (base 2) to base 13
-4
Convert -5d (base 15) to base 5.
-323
Convert 21 (base 4) to base 13.
9
96 (base 15) to base 5
1031
Convert 4 (base 13) to base 8.
4
Convert 50 (base 12) to base 3.
2020
Convert 210 (base 3) to base 15.
16
5 (base 14) to base 2
101
-174 (base 14) to base 4
-10222
-27 (base 13) to base 16
-21
-3 (base 13) to base 8
-3
-62 (base 7) to base 12
-38
What is 2 (base 7) in base 11?
2
What is 51 (base 13) in base 8?
102
What is -135 (base 15) in base 10?
-275
Convert 48 (base 12) to base 13.
44
Convert -1 (base 11) to base 13.
-1
What is -2 (base 6) in base 7?
-2
Convert 2 (base 15) to base 12.
2
What is -6 (base 12) in base 2?
-110
Convert -8 (base 11) to base 12.
-8
0 (base 6) to base 7
0
0 (base 16) to base 2
0
What is -2 (base 9) in base 11?
-2
Convert -100 (base 3) to base 14.
-9
What is -5 (base 14) in base 7?
-5
Convert 6 (base 8) to base 6.
10
What is 8f (base 16) in base 5?
1033
Convert -a6 (base 14) to base 6.
-402
Convert 0 (base 14) to base 3.
0
-65 (base 12) to base 10
-77
Convert -20 (base 4) to base 6.
-12
Convert -1 (base 8) to base 9.
-1
What is -4 (base 15) in base 12?
-4
-4 (base 6) to base 3
-11
1 (base 3) to base 13
1
What is -3 (base 9) in base 12?
-3
61 (base 7) to base 9
47
Convert a5 (base 11) to base 7.
223
1332 (base 4) to base 16
7e
What is -2 (base 8) in base 10?
-2
Convert -4 (base 7) to base 8.
-4
What is -1 (base 14) in base 11?
-1
What is 7d (base 14) in base 9?
133
What is -3 (base 11) in base 3?
-10
What is c (base 15) in base 14?
c
Convert -5 (base 14) to base 9.
-5
What is -110 (base 7) in base 14?
-40
1 (base 13) to base 4
1
What is -10111000 (base 2) in base 15?
-c4
-23 (base 9) to base 13
-18
Convert -6 (base 13) to base 16.
-6
What is 42 (base 5) in base 8?
26
Convert -200 (base 3) to base 5.
-33
What is 17 (base 14) in base 5?
41
7 (base 12) to base 8
7
2 (base 9) to base 7
2
-2 (base 5) to base 11
-2
What is 10000 (base 2) in base 3?
121
1 (base 9) to base 7
1
Convert -12 (base 7) to base 8.
-11
What is 2 (base 15) in base 14?
2
Convert 8 (base 14) to base 11.
8
What is -3a (base 11) in base 6?
-111
What is 10 (base 7) in base 4?
13
Convert 36 (base 9) to base 7.
45
What is 146 (base 8) in base 15?
6c
26 (base 10) to base 14
1c
1 (base 10) to base 3
1
Convert -20 (base 6) to base 13.
-c
Convert -e (base 16) to base 5.
-24
What is -8 (base 9) in base 2?
-1000
Convert -5 (base 14) to base 11.
-5
Convert 31 (base 9) to base 15.
1d
-5 (base 16) to base 10
-5
Convert 4 (base 9) to base 15.
4
What is -100 (base 8) in base 11?
-59
33 (base 6) to base 3
210
9 (base 11) to base 7
12
Convert -26 (base 13) to base 6.
-52
8 (base 12) to base 2
1000
Convert 2 (base 7) to base 5.
2
Convert 4 (base 6) to base 7.
4
-74 (base 16) to base 10
-116
What is 9 (base 10) in base 13?
9
2113 (base 4) to base 2
10010111
What is 1 (base 7) in base 11?
1
Convert -3 (base 5) to base 14.
-3
What is f (base 16) in base 5?
30
What is 40 (base 6) in base 9?
26
What is 1110000 (base 2) in base 10?
112
What is -65 (base 15) in base 8?
-137
0 (base 11) to base 12
0
What is 11 (base 7) in base 15?
8
-6 (base 9) to base 14
-6
2 (base 15) to base 7
2
What is -3 (base 8) in base 2?
-11
Convert 18 (base 9) to base 15.
12
Convert 27 (base 15) to base 5.
122
What is -1 (base 10) in base 4?
-1
Convert 3 (base 13) to base 6.
3
-2 (base 9) to base 5
-2
What is 11020 (base 3) in base 4?
1302
Convert 10 (base 9) to base 16.
9
Convert -2 (base 9) to base 11.
-2
Convert -11 (base 2) to base 11.
-3
What is -100 (base 11) in base 9?
-144
Convert -3 (base 15) to base 10.
-3
-1 (base 2) to base 13
-1
What is -49 (base 10) in base 3?
-1211
Convert 0 (base 8) to base 7.
0
Convert -19 (base 14) to base 3.
-212
Convert -110 (base 12) to base 2.
-10011100
What is 85 (base 11) in base 12?
79
-2001 (base 3) to base 12
-47
What is -1 (base 10) in base 16?
-1
Convert -30 (base 10) to base 14.
-22
Convert -1 (base 5) to base 3.
-1
What is -10 (base 5) in base 10?
-5
Convert -41 (base 12) to base 4.
-301
Convert -16 (base 11) to base 12.
-15
What is -30 (base 7) in base 9?
-23
Convert -10 (base 15) to base 14.
-11
What is -5b (base 12) in base 15?
-4b
Convert 0 (base 15) to base 7.
0
-2010 (base 3) to base 8
-71
Convert 7e (base 16) to base 9.
150
What is -a (base 13) in base 9?
-11
What is -4 (base 10) in base 9?
-4
1 (base 4) to base 7
1
What is 52 (base 13) in base 12?
57
What is 2 (base 3) in base 14?
2
What is 3 (base 5) in base 12?
3
Convert -11111 (base 3) to base 10.
-121
2 (base 4) to base 15
2
0 (base 8) to base 11
0
What is 514 (base 8) in base 6?
1312
What is -75 (base 16) in base 12?
-99
What is -5 (base 16) in base 5?
-10
Convert 414 (base 5) to base 3.
11001
What is 1 (base 15) in base 9?
1
Convert -1111 (base 5) to base 15.
-a6
Convert -114 (base 7) to base 16.
-3c
Convert 322 (base 5) to base 12.
73
Convert -1 (base 10) to base 9.
-1
Convert 74 (base 10) to base 16.
4a
What is 2 (base 12) in base 2